3 + -10?
-540213
In base 15, what is 90c0 + 8?
90c8
In base 11, what is 0 + -22a63?
-22a63
In base 6, what is -12225 - 434?
-13103
In base 7, what is -1336 + 16024?
14355
In base 11, what is -27aaa + -2?
-28001
In base 16, what is -10 - 22a0?
-22b0
In base 5, what is 223211 - 41?
223120
In base 13, what is -8 - -4226a?
42262
In base 3, what is -110111 - 21011?
-201122
In base 4, what is -300320 - 3?
-300323
In base 3, what is 1002 + -111102?
-110100
In base 15, what is 56362 + -1a?
56347
In base 8, what is 4066 + 55?
4143
In base 9, what is -11557 + -1?
-11558
In base 7, what is 34621 - 4?
34614
In base 16, what is -15 + -223?
-238
In base 13, what is 14399 - 2?
14397
In base 10, what is -51 + -1470?
-1521
In base 7, what is 3 + 36544?
36550
In base 2, what is 10010 + 11101001010?
11101011100
In base 13, what is -2a0 - 257a?
-284a
In base 14, what is -9846 + -16?
-985c
In base 15, what is 75de + 5?
75e4
In base 10, what is 6430 + -18?
6412
In base 5, what is 4401 + -102230?
-42324
In base 14, what is -33a46 + 2?
-33a44
In base 15, what is -175 - 36?
-1ab
In base 11, what is 119 - 1789?
-1670
In base 9, what is 3212 + 4?
3216
In base 11, what is 6 + 1995?
19a0
In base 10, what is -706 + 457?
-249
In base 5, what is -340000 + 20?
-334430
In base 16, what is 223 + 40?
263
In base 4, what is -310 - 30110202?
-30111112
In base 8, what is 273025 - 3?
273022
In base 4, what is -10 + -3310112?
-3310122
In base 5, what is -342341 + 1340?
-341001
In base 11, what is -844a5 + -1?
-844a6
In base 4, what is 10 - 1001213112?
-1001213102
In base 14, what is -6c + -16?
-84
In base 7, what is -5 - -40104?
40066
In base 4, what is -110 + 111021?
110311
In base 6, what is -13 + -5023?
-5040
In base 7, what is 2 - 6665402?
-6665400
In base 16, what is -1 + 11ae2?
11ae1
In base 15, what is -5 - -c3b5?
c3b0
In base 13, what is -10681 + -5?
-10686
In base 6, what is -234 - 42?
-320
In base 14, what is -27 - -2808?
27c1
In base 6, what is 30 + 1031125?
1031155
In base 12, what is -3 - -1a6090?
1a6089
In base 7, what is -52462 - 10?
-52502
In base 4, what is -202013 - -2310?
-133103
In base 2, what is 1000110111 - 1000011011?
11100
In base 15, what is -e1 - 25?
-116
In base 11, what is 3159 - 34?
3125
In base 4, what is -3 + -12003220?
-12003223
In base 3, what is 100200121200 + 11?
100200121211
In base 5, what is 21113444 - 10?
21113434
In base 14, what is 2c7 + -593?
-2aa
In base 13, what is 4 - -1443?
1447
In base 14, what is 5 + 2486b?
24872
In base 6, what is 1 + -4515014?
-4515013
In base 6, what is 131140 + 2?
131142
In base 8, what is -55261 + -464?
-55745
In base 3, what is 101012 - 1102211?
-1001122
In base 6, what is 3400 - -1?
3401
In base 9, what is -5 + -8558?
-8564
In base 9, what is 6 - -23567?
23574
In base 9, what is -1 + -28556?
-28557
In base 8, what is 2724 + -1142?
1562
In base 7, what is 3 - 3125646?
-3125643
In base 2, what is 1011110 + -100000001010?
-11110101100
In base 10, what is 2837 - 1011?
1826
In base 12, what is 355382 - -2?
355384
In base 9, what is -6751 - -214?
-6536
In base 7, what is -12 - -1422653?
1422641
In base 15, what is a19 - 4?
a15
In base 2, what is 10001001000 + -111000?
10000010000
In base 9, what is -2416 + 0?
-2416
In base 16, what is 163 + 26?
189
In base 10, what is -3 + -265378?
-265381
In base 10, what is 2 - 285973?
-285971
In base 7, what is 155 - -1333?
1521
In base 11, what is 294374 - 5?
29436a
In base 3, what is 12 + 121000221100?
121000221112
In base 13, what is -24c - 29?
-278
In base 10, what is 6710 + -4?
6706
In base 2, what is 10011001001100 - -11100?
10011001101000
In base 8, what is 1 - -171741?
171742
In base 7, what is 1213 - 106?
1104
In base 9, what is 54288 - -3?
54302
In base 15, what is -8 + 2a8a?
2a82
In base 15, what is 5 - 3c4a?
-3c45
In base 2, what is -10000000 + 1001?
-1110111
In base 8, what is 3 - 1524725?
-1524722
In base 5, what is 1233434233 + 10?
1233434243
In base 11, what is -2492 + -615?
-2aa7
In base 5, what is 33114 + 2?
33121
In base 16, what is 1 + 200f4?
200f5
In base 12, what is -2 + -100b30?
-100b32
In base 13, what is -1ca14 + 7?
-1ca0a
In base 2, what is 11000101 + 100101000?
111101101
In base 16, what is 0 + 6388?
6388
In base 5, what is 341230402 - -10?
341230412
In base 3, what is -1 + -11001020102?
-11001020110
In base 15, what is 1089 - 7b?
100d
In base 6, what is 2123304 - 2?
2123302
In base 2, what is 11000000110010010 - 101?
11000000110001101
In base 2, what is 101010110 - 1000011?
100010011
In base 7, what is -64 + 101141?
101044
In base 5, what is 10 - -21341424?
21341434
In base 13, what is 2 - -6475?
6477
In base 15, what is -6 + -23658?
-2365e
In base 7, what is 66 + 565?
664
In base 6, what is -452144404 + -2?
-452144410
In base 3, what is 22222 + -1120?
21102
In base 6, what is -112 + 10125?
10013
In base 13, what is 1c1 - 92?
12c
In base 7, what is 5125 - -5?
5133
In base 4, what is 20 + -133122102?
-133122022
In base 15, what is 14ee99 - 4?
14ee95
In base 14, what is 107a7 + -44?
10763
In base 10, what is 7166 - 373?
6793
In base 9, what is -2618 - 117?
-2736
In base 9, what is 0 + 185?
185
In base 6, what is -115330 - -414?
-114512
In base 15, what is 55eb4 - 10?
55ea4
In base 6, what is 2102353 + 0?
2102353
In base 7, what is 4 - -112331?
112335
In base 8, what is -40 - 165333?
-165373
In base 5, what is 123 - -114224?
114402
In base 11, what is -6 - -185094?
185089
In base 13, what is -248037 - 1?
-248038
In base 13, what is 1108a + 6?
11093
In base 10, what is -2682530 - -2?
-2682528
In base 16, what is -8 + -38f32?
-38f3a
In base 5, what is -10 + 1413022?
1413012
In base 2, what is 11000111101 + -110010101?
10010101000
In base 10, what is -2948318 - -2?
-2948316
In base 15, what is 25 - 28761?
-2873b
In base 4, what is 3032132100 - -1?
3032132101
In base 6, what is 1203523 - 3?
1203520
In base 14, what is -16484 + -2?
-16486
In base 8, what is 35 - -263?
320
In base 9, what is -6786 + 61?
-6725
In base 6, what is 101550 + 142?
102132
In base 3, what is -210120101 + -11000?
-210201101
In base 14, what is -687 - 55?
-6dc
In base 14, what is -22c0 + b?
-22b3
In base 3, what is -12200201 + 112020?
-12011111
In base 13, what is -23a0 - -41?
-235c
In base 6, what is -152 + -51133?
-51325
In base 10, what is -3 + 18725?
18722
In base 3, what is -22 - 101021210?
-101022002
In base 15, what is -3 + -16e?
-172
In base 4, what is 12030232 - 12?
12030220
In base 2, what is -101010 - -1010?
-100000
In base 14, what is -a4 - -7d?
-25
In base 6, what is 1033 + -2113?
-1040
In base 10, what is -14642 - 1?
-14643
In base 15, what is -3495 + -2?
-3497
In base 16, what is 1e - -ecaa?
ecc8
In base 15, what is 11 - 166?
-155
In base 5, what is 3 + 1024411?
1024414
In base 10, what is -88004 + 3?
-88001
In base 15, what is -6 - 2cc4?
-2cca
In base 16, what is -260a17 + -5?
-260a1c
In base 3, what is -10202011020 + -1?
-10202011021
In base 4, what is 2013 - 2102023?
-2100010
In base 4, what is -100 + -3113330?
-3120030
In base 7, what is 3 - -12402?
12405
In base 5, what is 13322124 + -10?
13322114
In base 8, what is -115 - 16401?
-16516
In base 13, what is 37 + -cb1?
-c77
In base 9, what is 43886 - 13?
43873
In base 12, what is -2 + -73915?
-73917
In base 7, what is 123226 + 151?
123410
In base 12, what is 8a18 - -7?
8a23
In base 16, what is 3 - ce1?
-cde
In base 16, what is -59 + -274?
-2cd
In base 6, what is 3035313 - 0?
3035313
In base 6, what is -5 + 31313?
31304
In base 16, what is -77 + -127c?
-12f3
In base 7, what is 11425 - -204?
11632
In base 7, what is 402 + -100544?
-100142
In base 11, what is -82 + 650?
579
In base 16, what is 358f0 - 3?
358ed
In base 6, what is 5 - -1043123?
1043132
In base 11, what is -812 - -22?
-7a0
In base 16, what is 335 - 4f?
2e6
In base 13, what is a9 - 602?
-526
In base 11, what is -246 + -29?
-274
In base 12, what is 0 + -1395?
-1395
In base 14, what is -1 + -3014?
-3015
In base 16, what is -1 - 78d5f?
-78d60
In base 8, what is -23 + 2404?
2361
In base 15, what is -1 - -136e3?
136e2
In base 3, what is 11202200102 + 12?
11202200121
In base 9, what is 4261 - 346?
3814
In base 6, what is -53254 - 352?
-54050
In base 14, what is 1c989 + -3?
1c986
In base 14, what is 2029 + -9d?
1d6a
In base 9, what is -206 + 548?
342
In base 3, wh